ivide 12170400?
True
Is 955 a factor of 108498843?
False
Is 4203705 a multiple of 15?
True
Does 5 divide 3783395?
True
Is 98118939 a multiple of 207?
False
Is 140395100 a multiple of 138?
False
Is 685 a factor of 41436020?
False
Is 169869780 a multiple of 215?
True
Is 182 a factor of 431157454?
True
Does 16 divide 428841056?
True
Is 550567299 a multiple of 105?
False
Does 51 divide 803097?
True
Does 715 divide 388718382?
False
Is 34972799 a multiple of 17?
False
Is 71049851 a multiple of 16?
False
Is 1069 a factor of 138374034?
False
Is 55 a factor of 47783285?
True
Does 14 divide 8166232?
False
Does 28 divide 687312954?
False
Is 197 a factor of 14961559?
True
Is 7699145 a multiple of 37?
True
Is 550 a factor of 17095650?
True
Does 36 divide 410803066?
False
Does 4 divide 13588766?
False
Is 480789444 a multiple of 204?
True
Is 143 a factor of 11956087?
True
Is 1080 a factor of 294590060?
False
Does 15 divide 2549096954?
False
Does 50 divide 72973550?
True
Is 45565152 a multiple of 486?
False
Is 1301016159 a multiple of 84?
False
Is 3992535 a multiple of 237?
False
Is 4314055498 a multiple of 12?
False
Is 16 a factor of 33399808?
True
Does 19 divide 2180877?
True
Is 424 a factor of 11662804?
False
Is 746622198 a multiple of 162?
True
Does 111 divide 863250774?
True
Does 67 divide 3268464015?
True
Does 5304 divide 387870912?
True
Is 109577040 a multiple of 16?
True
Does 1158 divide 690575226?
False
Is 532223609 a multiple of 56?
False
Does 1250 divide 1001127399?
False
Does 540 divide 1202209560?
True
Is 27063664 a multiple of 875?
False
Is 766612 a multiple of 418?
True
Does 18 divide 14829822?
True
Does 203 divide 345217121?
False
Does 2633 divide 56401493?
True
Is 777 a factor of 279785297?
False
Is 676370432 a multiple of 7?
False
Is 76 a factor of 424291432?
True
Is 732275 a multiple of 5?
True
Does 27 divide 28946660?
False
Is 35 a factor of 70079840?
False
Is 165 a factor of 37980360?
True
Is 2 a factor of 3834051?
False
Does 45 divide 74222010?
True
Does 208 divide 373873552?
True
Is 215 a factor of 1010695162?
False
Is 844477571 a multiple of 587?
True
Does 3 divide 4245472?
False
Is 37 a factor of 271099888?
True
Is 8842368 a multiple of 48?
True
Is 713432060 a multiple of 22?
True
Is 63 a factor of 635112497?
False
Is 19096584 a multiple of 582?
True
Is 84109018 a multiple of 16?
False
Is 63 a factor of 53067294?
True
Does 457 divide 2464829043?
True
Is 56516808 a multiple of 956?
True
Is 23752138 a multiple of 62?
True
Is 3208 a factor of 574661872?
True
Does 173 divide 611018873?
True
Is 556849573 a multiple of 5953?
True
Is 4 a factor of 91614612?
True
Does 566 divide 1842097744?
False
Is 95836909 a multiple of 21?
False
Is 205259472 a multiple of 9?
True
Does 63 divide 1286982900?
True
Does 43 divide 240397798?
False
Is 31497100 a multiple of 2998?
False
Is 23 a factor of 1598665113?
False
Is 88 a factor of 2117073473?
False
Is 76 a factor of 361689117?
False
Is 354 a factor of 440088488?
False
Is 22504113 a multiple of 1303?
True
Is 27 a factor of 2626576551?
True
Is 66251023 a multiple of 17?
True
Is 25412670 a multiple of 30?
True
Is 11408 a factor of 1617540320?
True
Does 768 divide 27824640?
True
Does 282 divide 20007352?
False
Is 319 a factor of 978135833?
False
Is 273 a factor of 227531358?
False
Is 32566534 a multiple of 22?
True
Does 26 divide 280396154?
False
Is 13815144 a multiple of 768?
False
Is 4090479 a multiple of 66?
False
Is 308 a factor of 24609200?
True
Is 879273196 a multiple of 2286?
False
Is 21 a factor of 749894208?
True
Is 130 a factor of 603735917?
False
Does 4 divide 783720302?
False
Is 229481715 a multiple of 41?
True
Is 106234119 a multiple of 27?
True
Is 272 a factor of 497126251?
False
Is 120 a factor of 13216320?
True
Is 315886664 a multiple of 3?
False
Does 472 divide 657383249?
False
Is 9059 a factor of 1955548955?
False
Is 27 a factor of 2429600?
False
Is 23134540 a multiple of 286?
True
Does 27 divide 20644612?
False
Is 30090870 a multiple of 45?
True
Does 41 divide 28693481?
True
Is 647 a factor of 34932824?
True
Is 28 a factor of 932139292?
True
Is 59 a factor of 40470704?
False
Does 6 divide 40457245?
False
Is 56983333 a multiple of 2?
False
Does 3637 divide 72559032?
False
Is 5985456 a multiple of 57?
True
Is 348282588 a multiple of 8?
False
Does 82 divide 458673642?
True
Is 1362751174 a multiple of 496?
False
Is 1767542138 a multiple of 22?
False
Is 4 a factor of 1009217?
False
Is 560073528 a multiple of 49?
True
Is 175 a factor of 2282875?
True
Is 116627341 a multiple of 347?
False
Is 1500636384 a multiple of 156?
True
Does 18 divide 68134050?
True
Is 18542212 a multiple of 52?
True
Is 3326 a factor of 56984046?
False
Does 148 divide 120010536?
True
Is 9858981 a multiple of 33?
True
Is 226 a factor of 1892524?
True
Does 832 divide 10957440?
True
Is 364 a factor of 17670744?
True
Is 830158291 a multiple of 726?
False
Is 493886182 a multiple of 498?
False
Is 44179950 a multiple of 1565?
True
Is 1568034 a multiple of 78?
True
Is 5920 a factor of 62746080?
True
Is 578628600 a multiple of 264?
True
Is 23485378 a multiple of 7?
True
Is 137750521 a multiple of 17?
False
Does 482 divide 1766244405?
False
Does 644 divide 955388812?
True
Is 1538671381 a multiple of 8473?
True
Does 60 divide 116462160?
True
Is 3729040 a multiple of 80?
True
Does 86 divide 13742744?
False
Does 353 divide 383080069?
False
Does 1644 divide 4526046677?
False
Is 103 a factor of 7147891?
True
Does 730 divide 2086456800?
True
Does 36 divide 1283020877?
False
Is 57 a factor of 594656091?
True
Is 9078338 a multiple of 370?
False
Is 250167500 a multiple of 242?
True
Does 12 divide 1291252924?
False
Does 4541 divide 2543517210?
False
Is 43 a factor of 12603300?
True
Does 732 divide 51362976?
True
Is 24782784 a multiple of 3?
True
Is 13 a factor of 2811693118?
True
Is 52 a factor of 20001696?
True
Is 777566070 a multiple of 6570?
True
Is 61 a factor of 416782927?
True
Is 144097270 a multiple of 85?
True
Is 84528826 a multiple of 14?
False
Does 1528 divide 850844832?
False
Is 10 a factor of 10317436?
False
Does 374 divide 50264478?
True
Is 80 a factor of 1867466?
False
Does 3159 divide 76691043?
True
Is 50051526 a multiple of 861?
False
Does 40 divide 233173328?
False
Is 811800 a multiple of 22?
True
Is 10 a factor of 1791797590?
True
Is 4495705 a multiple of 73?
True
Does 11 divide 71698679?
False
Is 85500 a multiple of 12?
True
Is 71247351 a multiple of 21?
True
Does 50 divide 35230584?
False
Is 50 a factor of 19046868?
False
Does 2234 divide 37375742?
False
Is 39 a factor of 572427762?
False
Is 16 a factor of 1014691344?
True
Is 21686602 a multiple of 29?
False
Does 53 divide 222297838?
False
Is 243 a factor of 20891439?
True
Does 330 divide 12574731?
False
Does 1097 divide 5714719732?
False
Is 14 a factor of 27255482?
False
Does 46 divide 562579822?
False
Does 2139 divide 3054465980?
False
Is 97024758 a multiple of 2?
True
Is 41 a factor of 306422294?
False
Is 307747148 a multiple of 27?
False
Is 9310728 a multiple of 196?
False
Is 26 a factor of 29685370?
True
Does 37 divide 770329529?
True
Is 12217838 a multiple of 47?
True
Is 65675437 a multiple of 21?
False
Does 1672 divide 125239488?
True
Is 184 a factor of 179502836?
False
Is 402 a factor of 15977492?
False
Is 9 a factor of 12076032?
False
Is 13 a factor of 120274674?
True
Is 25942067 a multiple of 20?
False
Is 8186427 a multiple of 21?
False
Does 27 divide 1774007676?
True
Is 2955456 a multiple of 84?
True
Is 1587 a factor of 34792233?
False
Is 11727813 a multiple of 8?
False
Is 48371702 a multiple of 1501?
False
Does 4 divide 97409?
False
Is 20523682 a multiple of 46?
True
Is 312581 a multiple of 170?
False
Is 1021 a factor of 92492272?
False
Does 12758 divide 5852804064?
False
Is 14 a factor of 35522690?
True
Is 490964275 a multiple of 1233?
False
Is 489684837 a multiple of 1101?
False
Is 40337504 a multiple of 8?
True
Is 636547565 a multiple of 485?
False
Is 39668203 a multiple of 20?
False
Does 14 divide 308731136?
True
Does 391 divide 1161927081?
False
Is 84029446 a multiple of 778?
True
Is 301 a factor of 249386025?
True
Is 8 a factor of 565476832?
True
Does 23 divide 1148149906?
False
Is 155 a factor of 91272425?
False
Is 1993 a factor of 69564431?
False
Do